 18*y**2 - 18*y - 37. Determine a(19).
-18
Let s(x) = x - 20. Give s(29).
9
Let r(l) = l**3 - 15*l**2 - 2*l + 32. Give r(15).
2
Let x(q) = q**2 + 20*q - 121. What is x(-26)?
35
Let j(a) = -a**3 + 8*a**2 + 6*a - 13. Determine j(8).
35
Let q(a) = -2*a + 13. What is q(3)?
7
Let c(k) = 2*k**2 + 12*k + 8. Give c(-6).
8
Let k(y) = -3*y - 41. Determine k(-12).
-5
Let t(l) = -l**2 + 2*l - 9. Give t(0).
-9
Let k(h) = -h**3 + 3*h**2 + 7*h - 6. Give k(4).
6
Let u(t) = -41*t - 2. What is u(-1)?
39
Let a(b) = b**3 + 9*b**2 + 11*b + 3. Determine a(-8).
-21
Let i(j) = 23*j**2 + 2*j - 1. Determine i(2).
95
Let x(p) = -8*p**3 + p**2 - p. What is x(1)?
-8
Let w(s) = -s**2 - 2*s - 4. Determine w(-7).
-39
Let d(q) = q**3 + 17*q**2 + 14*q - 22. What is d(-16)?
10
Let x(i) = -18*i + 144. Calculate x(8).
0
Let c(j) = -j**2 + 27*j - 151. Determine c(19).
1
Let n(c) = c**2 - 8*c - 9. Give n(10).
11
Let g(i) = i**3 - 4*i**2 + 3*i + 6. Give g(3).
6
Let b(s) = 14*s + 91. Give b(-6).
7
Let h(c) = c**2 - 26*c + 71. Determine h(22).
-17
Let n(p) = -20*p - 8. Give n(-3).
52
Let q(o) = -6*o**3 + 42*o**2 + 3*o - 15. What is q(7)?
6
Let f(g) = -10*g - 1. Determine f(4).
-41
Let j(q) = q**3 + 6*q**2 - 8*q - 3. Determine j(-7).
4
Let g(h) = h**3 - 7*h**2 + h + 9. Give g(7).
16
Let h(s) = -25*s + 188. Determine h(8).
-12
Let u(j) = -3*j**2 + 8*j - 4. Give u(5).
-39
Let f(n) = n**3 - 8*n**2 + 9*n + 11. What is f(5)?
-19
Let n(w) = 3*w + 7. What is n(-5)?
-8
Let r(a) = a**3 + a**2 - 2*a - 7. What is r(3)?
23
Let u(t) = -10*t - 18. What is u(-5)?
32
Let j(u) = 2*u**2 + 2*u + 5. Calculate j(7).
117
Let p(o) = o**3 - 5*o - 3. Determine p(-2).
-1
Let v(h) = 4*h**2 - 9*h + 6. Give v(2).
4
Let y(n) = 2*n + 42. Calculate y(-6).
30
Let q(v) = 2*v**2 + 9. Determine q(0).
9
Let n(f) = 4*f + 116. Give n(-24).
20
Let y(f) = -f**2 - 28*f - 71. Determine y(-25).
4
Let c(v) = v**2 - 11*v - 29. Determine c(13).
-3
Let h(b) = -16*b + 74. What is h(5)?
-6
Let t(r) = -r**3 - 13*r**2 - 8*r + 21. What is t(-12)?
-27
Let j(u) = -u**3 + 32*u**2 + 32*u + 22. Calculate j(33).
-11
Let a(r) = r**3 - r**2 - 2*r. What is a(-2)?
-8
Let u(k) = k**3 + 5*k**2 + 3*k + 9. Give u(-5).
-6
Let r(x) = 6*x**2 + x. Give r(1).
7
Let n(l) = -7*l**3 - 52*l**2 - 23*l + 6. Determine n(-7).
20
Let f(n) = -n**3 - 3*n**2 + 130*n - 9. Give f(10).
-9
Let v(q) = -3*q**3 + 5*q**2 - 3*q + 4. Determine v(3).
-41
Let w(v) = -v**3 + 49*v**2 + 7. Give w(49).
7
Let j(r) = r**3 - 6*r**2 - 4*r - 10. What is j(7)?
11
Let u(k) = k**2 - 14*k - 14. What is u(16)?
18
Let y(k) = k**2 - 19*k + 77. Determine y(13).
-1
Let q(y) = -y**2 - 10*y - 9. What is q(-10)?
-9
Let f(d) = 3*d + 9. What is f(-4)?
-3
Let t(r) = r**3 + 6*r**2 - 6*r - 2. What is t(-7)?
-9
Let l(m) = 4*m + 13. Give l(3).
25
Let f(m) = -m - 10. Give f(2).
-12
Let w(l) = -2*l - 13. Determine w(-9).
5
Let r(b) = 9*b - 26. Give r(3).
1
Let o(x) = 3*x**2 + 3*x + 1. Calculate o(-2).
7
Let z(d) = 2*d + 64. Determine z(-8).
48
Let q(m) = -m**3 + 10*m**2 - 13*m + 12. Calculate q(9).
-24
Let j(m) = 12*m + 251. Determine j(-18).
35
Let n(b) = 4*b**2 - 17*b - 8. What is n(7)?
69
Let b(g) = g**3 + 5*g**2 - 3*g + 4. Calculate b(-6).
-14
Let r(g) = 2*g**2 + 4*g + 37. Determine r(0).
37
Let b(l) = 2*l**2 - 3*l - 3. Calculate b(0).
-3
Let o(j) = -35*j**2 - 17*j + 18. What is o(1)?
-34
Let s(l) = -l**3 + 3*l**2 + 6*l - 7. Give s(5).
-27
Let j(z) = -7*z**2 + 7*z. What is j(3)?
-42
Let z(y) = 6*y - 32. Calculate z(6).
4
Let c(a) = -2*a**3 - 5*a**2 - 2*a - 6. What is c(-4)?
50
Let l(c) = -c**3 - 24*c**2 + 25*c - 4. Give l(-25).
-4
Let p(s) = s**3 - 6*s**2 + 2*s - 27. Calculate p(7).
36
Let k(q) = -3*q - 29. Give k(-7).
-8
Let q(l) = -6*l - 8. Give q(-3).
10
Let p(l) = 5*l - 98. What is p(3)?
-83
Let b(k) = -22*k**3 + k**2 + k - 2. Calculate b(1).
-22
Let t(b) = -b + 7. Calculate t(11).
-4
Let s(r) = -3*r**2 + 164*r - 417. Give s(52).
-1
Let y(x) = -8*x + 109. Calculate y(13).
5
Let j(k) = 2*k**2 + 4*k - 1. Determine j(3).
29
Let x(r) = -7*r + 13. Give x(3).
-8
Let l(o) = -38*o - 241. Give l(-7).
25
Let n(o) = -7*o + 3. Determine n(-5).
38
Let i(p) = -p**3 - 11*p**2 - 20*p - 21. Calculate i(-9).
-3
Let a(m) = -3*m - 25. Determine a(-8).
-1
Let b(l) = -9*l + 51. Determine b(6).
-3
Let u(m) = 11*m**2 - 5*m - 1. What is u(1)?
5
Let k(c) = c**3 - c**2 - c + 15. Determine k(0).
15
Let p(x) = x**3 - 11*x**2 + x - 12. Calculate p(11).
-1
Let a(m) = m + 11. What is a(-6)?
5
Let s(p) = p**3 + 5*p**2 + 6. What is s(-3)?
24
Let x(v) = v**2 - 39*v + 256. Calculate x(9).
-14
Let g(z) = z**3 + 4*z**2 - 4*z - 3. Determine g(-5).
-8
Let v(c) = -c**3 - 8*c**2 + 13*c - 3. What is v(-9)?
-39
Let x(b) = 27*b - 4. Determine x(-1).
-31
Let a(w) = -2*w**2 - 64*w - 5. What is a(-32)?
-5
Let n(c) = -c**3 - 8*c**2 - 2*c - 8. What is n(-8)?
8
Let x(m) = 10*m + 71. What is x(-10)?
-29
Let j(y) = 2*y**2 - 19*y + 5. Give j(9).
-4
Let s(t) = t**2 + 11*t + 2. What is s(-9)?
-16
Let b(k) = -8*k - 88. What is b(-9)?
-16
Let h(t) = -3*t**2 - 13*t - 29. Determine h(-3).
-17
Let c(w) = 10*w + 50. Give c(-3).
20
Let p(r) = r**2 - 34*r + 194. Calculate p(27).
5
Let n(y) = 6*y - 51. Calculate n(9).
3
Let w(u) = u**2 - 3*u - 31. What is w(8)?
9
Let b(f) = -2*f**3 - 7*f**2 - 14*f - 10. Calculate b(-4).
62
Let o(c) = c**2 + c - 6. Determine o(0).
-6
Let j(p) = p**2 + 10*p + 8. Determine j(-8).
-8
Let u(c) = 2*c**2 - c - 12. Determine u(-4).
24
Let y(z) = -z**2 + 9*z - 8. Determine y(5).
12
Let c(y) = y**3 + 12*y**2 + 12*y + 11. Give c(-11).
0
Let s(v) = -6*v - 26. Give s(-5).
4
Let j(y) = -y**3 + 27*y**2 - 27*y + 23. Calculate j(26).
-3
Let l(m) = -2*m**2 - 68*m - 129. What is l(-32)?
-1
Let l(z) = -z**3 - 4*z**2 + 3*z + 15. Give l(-3).
-3
Let o(n) = 12*n**2 + n. What is o(1)?
13
Let x(d) = -d**3 + 2*d**2 + 5*d. Determine x(4).
-12
Let x(u) = u**3 - u**2 - 3*u - 1. Determine x(-1).
0
Let p(z) = 2*z**3 + 33*z**2 + 16*z + 4. Give p(-16).
4
Let b(s) = -2*s - 41. Give b(-21).
1
Let k(i) = -i + 6. Determine k(-9).
15
Let l(u) = -u + 16. Determine l(12).
4
Let k(n) = n**3 - 10*n**2 - 8*n - 27. Determine k(11).
6
Let x(l) = -2*l**3 + 23*l**2 + 12*l - 1. Determine x(12).
-1
Let r(c) = -c**2 + 5*c + 305. What is r(20)?
5
Let a(f) = f**3 + 33*f**2 + 64*f + 54. Calculate a(-31).
-8
Let c(g) = g**2 - 3*g - 4. Determine c(6).
14
Let w(q) = q**3 - 14*q**2 - 18*q - 4. Calculate w(15).
-49
Let q(z) = -z**3 - 24*z**2 + 5*z + 126. Determine q(-24).
6
Let p(y) = -2*y + 11. Give p(-8).
27
Let o(h) = -h - 10. What is o(-5)?
-5
Let n(k) = 4*k**2 + 6*k - 27. Determine n(-6).
81
Let b(z) = -z**2 + 6*z - 13. Give b(0).
-13
Let j(c) = c**2 - 11*c - 3. Give j(11).
-3
Let c(x) = 7*x + 1. Calculate c(-1).
-6
Let g(m) = -m**2 + 13*m + 9. Give g(14).
-5
Let t(q) = 2*q - 25. Determine t(5).
-15
Let c(v) = -v**3 - 20*v**2 - 19*v - 21. Give c(-19).
-21
Let r(k) = 7*k + 1. What is r(1)?
8
Let i(c) = 12*c + 4. Give i(3).
40
Let i(y) = -3*y + 3. Give i(3).
-6
Let f(h) = -h**2 - 3*h - 2. What is f(0)?
-2
Let c(f) = f**2 + 6*f - 4. Give c(-7).
3
Let c(a) = 3*a - 1. What is c(-5)?
-16
Let z(r) = -3*r**2 - 4*r + 1. Calculate z(-4).
-31
Let h(s) = s**3 + 31*s**2 + s + 29. Give h(-31).
-2
Let n(j) = -j**2 + 18*j - 14. Determine n(17).
3
Let q(d) = -12*d**2 - d + 1. Give q(-2).
-45
Let u(g) = -13*g - 112. What is u(-9)?
5
Let r(m) = -8*m + 13. Determine r(5).
-27
Let z(b) = 2*b**3 + b + 1. Give z(-2).
-17
Let g(u) = -20*u**3 + u - 2. Give g(1).
-21
Let t(c) = -c**3 + 6*c**2 + 3*c - 11. Calculate t(6).
7
Let l(r) = -r**3 + 7*r**2 + 8*r - 25. Calculate l(3).
35
Let w(d) = -3*d**3 - 2*d**2 + 3*d - 1. Give w(1).
-3
Let y(c) = -6*c**2 + 3*c + 4. What is y(3)?
-41
Let x(a) = a - 11. Calculate x(5).
-6
Let f(o) = o - 10. Determine f(-11).
-21
Let a(r) = -49*r**2 + 21*r - 23. Calculate a(1).
-51
Let s(c) = 5*c**2 - 36*c + 9. Calculate s(7).
2
Let c(i) = 7*i + 23. Calculate c(-7).
-26
Let b(t) = 4*t**2 + 38*t + 89. Give b(-4).
1
Let u(w) = -w**2 - 15*w + 51. Calculate u(-19).
-25
Let h(z) = 10*z - 1. Give h(-1).
-11
Let b(n) = n + 25. What is b(-18)?
7
Let o(s) = 2*s**2 - 2*s - 4. Give o(4).
20
Let j(z) = -2*z**3 + 47*z**2 - 22*z - 50. Determine j(23).
-27
Let x(t) = 2*t**2 + 67*t + 63. Determine x(-33).
30
Let f(s) = -4*s + 135. Calculate f(0).
135
Let j(l) = -9*l**2 + 3*l + 9. Give j(-3).
-81
